3
What is the ten thousands digit of 48139?
4
What is the ten thousands digit of 16059?
1
What is the hundreds digit of 23028?
0
What is the thousands digit of 11667?
1
What is the thousands digit of 11388?
1
What is the tens digit of 1697?
9
What is the tens digit of 876?
7
What is the tens digit of 361?
6
What is the tens digit of 850?
5
What is the hundreds digit of 6887?
8
What is the tens digit of 1702?
0
What is the units digit of 2926?
6
What is the ten thousands digit of 37165?
3
What is the ten thousands digit of 15137?
1
What is the thousands digit of 10469?
0
What is the thousands digit of 12189?
2
What is the ten thousands digit of 46187?
4
What is the units digit of 3202?
2
What is the hundreds digit of 717?
7
What is the thousands digit of 70324?
0
What is the hundreds digit of 1108?
1
What is the thousands digit of 7867?
7
What is the tens digit of 1152?
5
What is the hundreds digit of 10888?
8
What is the ten thousands digit of 14068?
1
What is the thousands digit of 2142?
2
What is the tens digit of 54744?
4
What is the hundreds digit of 14660?
6
What is the tens digit of 4720?
2
What is the hundreds digit of 3241?
2
What is the tens digit of 100?
0
What is the tens digit of 66724?
2
What is the tens digit of 84176?
7
What is the tens digit of 357?
5
What is the thousands digit of 4845?
4
What is the units digit of 711?
1
What is the thousands digit of 14508?
4
What is the tens digit of 1220?
2
What is the tens digit of 8657?
5
What is the hundreds digit of 3689?
6
What is the tens digit of 460?
6
What is the thousands digit of 1244?
1
What is the hundreds digit of 4027?
0
What is the tens digit of 8422?
2
What is the thousands digit of 5369?
5
What is the hundreds digit of 34647?
6
What is the units digit of 3984?
4
What is the units digit of 85992?
2
What is the tens digit of 39830?
3
What is the units digit of 14758?
8
What is the hundreds digit of 464?
4
What is the thousands digit of 11862?
1
What is the units digit of 3133?
3
What is the tens digit of 506?
0
What is the thousands digit of 1521?
1
What is the tens digit of 40207?
0
What is the tens digit of 1923?
2
What is the units digit of 30684?
4
What is the units digit of 336?
6
What is the hundreds digit of 672?
6
What is the units digit of 863?
3
What is the ten thousands digit of 10810?
1
What is the hundreds digit of 11108?
1
What is the units digit of 4903?
3
What is the units digit of 1340?
0
What is the tens digit of 2440?
4
What is the units digit of 58?
8
What is the units digit of 4758?
8
What is the ten thousands digit of 11629?
1
What is the units digit of 33781?
1
What is the hundreds digit of 452?
4
What is the thousands digit of 43575?
3
What is the units digit of 16269?
9
What is the hundreds digit of 50334?
3
What is the thousands digit of 111306?
1
What is the hundreds digit of 5509?
5
What is the units digit of 14140?
0
What is the tens digit of 363?
6
What is the tens digit of 491?
9
What is the thousands digit of 2120?
2
What is the thousands digit of 4676?
4
What is the units digit of 14764?
4
What is the hundreds digit of 757?
7
What is the hundreds digit of 9723?
7
What is the tens digit of 630?
3
What is the units digit of 2306?
6
What is the thousands digit of 18747?
8
What is the hundreds digit of 3553?
5
What is the tens digit of 4427?
2
What is the thousands digit of 3308?
3
What is the thousands digit of 13873?
3
What is the tens digit of 417?
1
What is the ten thousands digit of 104635?
0
What is the units digit of 5124?
4
What is the hundreds digit of 2622?
6
What is the hundreds digit of 1036?
0
What is the thousands digit of 14841?
4
What is the hundreds digit of 85420?
4
What is the units digit of 16775?
5
What is the tens digit of 918?
1
What is the hundreds digit of 461?
4
What is the units digit of 7130?
0
What is the hundreds digit of 562?
5
What is the units digit of 588?
8
What is the units digit of 23656?
6
What is the hundreds digit of 3430?
4
What is the tens digit of 4279?
7
What is the tens digit of 3198?
9
What is the units digit of 244?
4
What is the units digit of 692?
2
What is the hundreds digit of 1850?
8
What is the units digit of 9176?
6
What is the thousands digit of 12152?
2
What is the tens digit of 812?
1
What is the thousands digit of 12168?
2
What is the units digit of 259?
9
What is the tens digit of 138922?
2
What is the units digit of 3582?
2
What is the thousands digit of 3268?
3
What is the hundreds digit of 62688?
6
What is the thousands digit of 9871?
9
What is the thousands digit of 52994?
2
What is the thousands digit of 24007?
4
What is the thousands digit of 18503?
8
What is the thousands digit of 47314?
7
What is the ten thousands digit of 22249?
2
What is the tens digit of 1524?
2
What is the ten thousands digit of 31458?
3
What is the hundreds digit of 10511?
5
What is the tens digit of 26261?
6
What is the tens digit of 105202?
0
What is the tens digit of 9861?
6
What is the tens digit of 46?
4
What is the thousands digit of 3278?
3
What is the units digit of 959?
9
What is the units digit of 103400?
0
What is the units digit of 73727?
7
What is the thousands digit of 2708?
2
What is the hundreds digit of 34829?
8
What is the units digit of 2171?
1
What is the thousands digit of 34147?
4
What is the tens digit of 1860?
6
What is the hundreds digit of 74727?
7
What is the thousands digit of 2984?
2
What is the units digit of 5663?
3
What is the ten thousands digit of 11328?
1
What is the hundreds digit of 407?
4
What is the thousands digit of 1091?
1
What is the units digit of 24519?
9
What is the tens digit of 129580?
8
What is the hundreds digit of 130?
1
What is the thousands digit of 24025?
4
What is the ten thousands digit of 24573?
2
What is the tens digit of 894?
9
What is the thousands digit of 45052?
5
What is the hundred thousands digit of 165627?
1
What is the ten thousands digit of 16177?
1
What is the hundreds digit of 6124?
1
What is the ten thousands digit of 89353?
8
What is the ten thousands digit of 62290?
6
What is the hundreds digit of 1492?
4
What is the units digit of 15596?
6
What is the hundreds digit of 2359?
3
What is the hundred thousands digit of 189309?
1
What is the hundreds digit of 34635?
6
What is the units digit of 10341?
1
What is the thousands digit of 1788?
1
What is the units digit of 106092?
2
What is the hundreds digit of 934?
9
What is the tens digit of 10550?
5
What is the thousands digit of 6782?
6
What is the units digit of 98221?
1
What is the hundreds digit of 124742?
7
What is the hundreds digit of 1918?
9
What is the units digit of 90866?
6
What is the thousands digit of 4316?
4
What is the ten thousands digit of 11539?
1
What is the hundreds digit of 18959?
9
What is the units digit of 181840?
0
What is the hundreds digit of 3508?
5
What is the thousands digit of 98098?
8
What is the ten thousands digit of 79282?
7
What is the hundreds digit of 1432?
4
What is the units digit of 17955?
5
What is the units digit of 731?
1
What is the tens digit of 1146?
4
What is the units digit of 3456?
6
What is the tens digit of 545?
4
What is the thousands digit of 13573?
3
What is the units digit of 132706?
6
What is the ten thousands digit of 85982?
8
What is the hundreds digit of 18355?
3
What is the hundreds digit of 88159?
1
What is the units digit of 84?
4
What is the hundreds digit of 65068?
0
What is the thousands digit of 1112?
1
What is the tens digit of 3797?
9
What is the hundreds digit of 12178?
1
What is the thousands digit of 4729?
4
What is the thousands digit of 206857?
6
What is the units digit of 23113?
3
What is the hundreds digit of 2096?
0
What is the tens digit of 1322?
2
What is the units digit of 5277?
7
What is the tens digit of 4118?
1
What is the ten thousands digit of 17373?
1
What is the tens digit of 3897?
9
What is the tens digit of 3467?
6
What is the tens digit of 60?
6
What is the units digit of 4341?
1
What is the units digit of 7403?
3
What is the hundreds digit of 209?
2
What is the thousands digit of 6431?
6
What is the units digit of 10939?
9
What is the tens digit of 3113?
1
What is the hundreds digit of 25552?
5
What is the units digit of 7295?
5
What is the hundreds digit of 7143?
1
What is the units digit of 633